*p + 15*p - 8*p - 4. Give a(6).
-4
Let b be ((1*-1)/(-18))/(149/(29055/1300)). Let m(x) be the third derivative of -1/6*x**3 + 0 + 0*x**5 - b*x**6 - 32*x**2 + 0*x + 1/24*x**4. What is m(-2)?
5
Suppose 3*g = -3, 2*g + 2 = -3*a + 3. Suppose -q + 9 = 7. Let s(n) = n**3 - q*n - n**2 + 16*n**3 + n + 2*n**2. Determine s(a).
17
Let x(z) = -52*z**2 + 14*z**2 + 14*z**2 + 4*z**2 - 79*z**3 + 18*z**2 + 1. Give x(-1).
78
Let v(z) = -10*z. Suppose -69 = 5*w + 1. Let d(c) = -49*c. Let o(x) = w*v(x) + 3*d(x). Determine o(2).
-14
Let p(i) be the second derivative of i**4/12 - 14*i**3/3 + 95*i**2 - 534*i. What is p(14)?
-6
Let m = -347 + 342. Let i(y) = y**2 - y - 19. Determine i(m).
11
Suppose 0 = 18*x - 6148 - 746. Let w(p) = -3 - x*p + 768*p - 389*p. Determine w(-1).
1
Let v(u) = -2*u + 1. Let a(x) = 25*x - 19. Let k(o) = a(o) + 4*v(o). Let l(q) = 47*q - 44. Let m(i) = 11*k(i) - 4*l(i). Calculate m(15).
-4
Let i = -5596 + 5597. Let v(q) = -162*q**2 + q + 1. What is v(i)?
-160
Let x(t) = t**3 + 9*t**2 + 8*t - 8. Suppose -42*j + 891 = 219. Suppose 2*w = -3*p - j, 12 = -2*p - w - 0*w. Give x(p).
-8
Let t(i) = -3*i - 249*i**2 + 503*i**2 - 3 - 256*i**2. Suppose 2*l + 4*c + 15 = -5, -5*l + 4*c = -6. Let g be t(l). Let y(d) = -d**2 - 4*d + 2. Determine y(g).
-3
Suppose 79 + 44 = 41*b. Let h(x) = -x**2 + 3*x + 3. Give h(b).
3
Let v(q) = q + 2. Let h be v(5). Let p(i) = -12372*i - 1. Let b(j) = 14139*j + 1. Let x(t) = 7*b(t) + 8*p(t). Give x(h).
-22
Suppose -9*d = -23 + 5. Let a(r) = -7*r**2 - 9*r + 4. Let w(h) = -h**2 - 2*h + 1. Let q(l) = d*a(l) - 11*w(l). Give q(2).
-7
Let j(g) = g**2 - 11*g + 10. Let n be (-8*1/6)/(2/(-3)). Suppose -5*v + n*d - d = -32, v - 13 = -2*d. What is j(v)?
-18
Let a(q) = -42 - 18*q**2 + 90 + 2*q - 34 + 17*q**2. Give a(0).
14
Let i(x) be the first derivative of 2*x**2 + x + 3. Let t(z) = -545*z + 15260. Let y be t(28). Determine i(y).
1
Let h = 9573 - 9582. Let u(y) be the first derivative of -y**2 - 10*y + 1. Give u(h).
8
Let c(y) = -y**3 + 15*y**2 - 36*y + 2. Suppose -8*o - 4*v + 96 = 0, -3*o + 36 = -14*v + 16*v. Determine c(o).
2
Let z = 6495 + -6482. Let x(u) = -u**3 + 14*u**2 - 11*u - 33. What is x(z)?
-7
Let w(t) = -1 - t**3 - 2720*t**2 + 15*t - t + 2 + 2725*t**2. What is w(7)?
1
Let i(w) = -9*w + 103. Let m(u) = -75*u + 3537. Let s be m(47). What is i(s)?
-5
Let a(b) be the second derivative of 2*b**3/3 - 13*b**2/2 + 37*b. Let m be a(4). Let v(q) = -q**2 - 5*q + 5 + 4 - 6 + q**3 + 0*q. Determine v(m).
6
Let b = 12 + -18. Let c be (7/3 + -2)*-1*-6. Let n(f) = -43*f - 48*f + 7*f**2 + 8 - c - 47*f + 142*f + f**3. Calculate n(b).
18
Let k = 16970 - 16960. Let s(c) = c**3 - 10*c**2 - 4*c + 41. Calculate s(k).
1
Let d(c) be the first derivative of -23*c**2 - 9*c - 2238. Give d(0).
-9
Let r(l) be the second derivative of l**5/20 + l**4 + 4*l**3/3 - 17*l**2 - 94*l - 1. Give r(-11).
-1
Let b(g) = g**2 - 2. Suppose 174 = p - 7. Let h = p + -183. Give b(h).
2
Suppose -2*k - 5*h - 20 = 0, -5 = -k + 2*h + 3. Suppose 15*x - 93 - 72 = k. Let w(c) = c**3 - 10*c**2 - 12*c + 9. Give w(x).
-2
Let c(d) = -d**3 + 5*d**2 + 7*d - 9. Let l(f) be the second derivative of 3*f**2 + 17*f - 1/6*f**3 + 0. Let z be l(0). Calculate c(z).
-3
Suppose 0 = 3*i + 9*i - 48. Suppose 28*w + 10 = 23*w, i*w + 4 = x. Let v(f) = -3*f - 1. Determine v(x).
11
Let x = 11 - 9. Let p be 4/8 + -4 + (-55)/(-10). Let o(h) = 0*h - p*h - 6 - x*h + 6*h. Calculate o(5).
4
Suppose 4*l + 57 = -5*f, -l - 3*f = 3*l + 47. Let j(k) = 10 - 13*k - 31*k + 16*k - 1 - 22*k. Let u(t) = 9*t - 2. Let w(v) = -2*j(v) - 11*u(v). What is w(l)?
-4
Let x = -127 + 71. Let c be 7/x + 0 + (-1346)/(-16). Suppose 10*n + c = -2*n. Let z(d) = -d - 10. What is z(n)?
-3
Let z(k) = -50*k - 4*k**3 + 3*k**2 + 26*k - 5 + 21*k + 3*k**3 + 5*k**2. Let x be -24*((-4)/(-6) - 1). What is z(x)?
-29
Let t(i) = -2*i**3 - 10*i - 7*i**2 + 8 + 4*i**3 - i**3. Let r = 20098 - 20090. Determine t(r).
-8
Let a(g) = -g**3 + 8*g**2 - 6*g - 7. Let h(l) = -l**2 + 19*l - 81. Let f be h(11). Let z be a(f). Let k(v) = -v**3 + v - 2. Calculate k(z).
-2
Suppose 2*k - 3 = -3. Let j be (0 + k)*(-7 + 8). Suppose 0*h + 16 = -2*g - h, j = -h - 2. Let a(n) = n**3 + 7*n**2 + n + 1. What is a(g)?
-6
Let h(d) be the first derivative of d**3/6 + 12*d**2 - 77*d - 296. Let j(q) be the first derivative of h(q). What is j(-7)?
17
Suppose -6*c - 13*c + 0*c = -95. Let q(o) = -o**3 + 10*o**2 - 24*o + 7. Determine q(c).
12
Let i be ((-2)/5)/((-5)/(-25))*-2. Let o be 2/i*(6 + -4). Let r(w) = -3*w**2. Determine r(o).
-3
Let u(f) = 1957*f + 41. Let k(v) = 435*v + 10. Let d(q) = -9*k(q) + 2*u(q). Suppose -5*g + 17 = -l + 66, 2*l - 44 = 4*g. Determine d(g).
1
Let c(w) = -w**2 + 7*w - 6. Suppose 15 = i + 2. Let k(r) be the first derivative of -2*r**3/3 + 13*r**2 + 6*r - 349. Let u be k(i). What is c(u)?
0
Let k be (-81)/(-6)*4/6. Let c(v) = 11 - 2 - v - 2 - 1 + 3 + 7. Determine c(k).
7
Let i(n) be the first derivative of -1/3*n**3 - 3*n**2 - 6*n + 18. Give i(-4).
2
Let y(p) be the third derivative of -p**4/4 - 6*p**3 - 1349*p**2. Determine y(-4).
-12
Suppose -3*w - 2*r = -4*w - 20, 3*r - 24 = w. Let d be 6/9*54/w + -3. Let c(l) = -l**2 - 8*l - 5. Give c(d).
7
Let n(y) be the second derivative of 1/6*y**3 + 1/12*y**4 + 15/2*y**2 + 1 + 22*y. Determine n(0).
15
Let o(r) be the first derivative of -21 - 7*r + 1/4*r**4 + 7/3*r**3 + 3*r**2. Determine o(-5).
13
Let u(q) = -q**3 - 6*q**2 + q - 1. Let s(c) = -c**3 + 24*c - 10. Let j be s(-5). What is u(j)?
-31
Let g(u) = 30 - 44 + 25 - 4*u. Let z(b) = 15*b - 46. Let a(i) = 22*g(i) + 6*z(i). Give a(14).
-6
Let x(s) be the first derivative of -s**4/4 - 5*s**3/3 + 2*s**2 - 7*s - 17. Let o = -2 - 0. Let a be (o/5)/(-1 - 16/(-15)). What is x(a)?
5
Suppose -8*l - 2 = -9*l. Let f(v) = -180*v**l + 8*v - 2 - 181*v**2 + 362*v**2. Let x be (-3 - (-32)/12)*21. Determine f(x).
-9
Let y(s) = s - 33. Let d(t) = 2*t - 27. Let v(w) = -4*d(w) + 3*y(w). Let r(h) = 2*h + 12. Let a be r(-4). Determine v(a).
-11
Let a(f) = 5*f + 1. Let d(b) = -24*b - 34. Let z(j) = 4*a(j) + d(j). Give z(-11).
14
Let t(f) be the second derivative of -11*f - 1/2*f**4 + 1/2*f**3 + 0 + 1/20*f**5 - 1/2*f**2. Suppose 0 = 2*l - 2*u - 14, 5*u + 0*u = -2*l. Determine t(l).
-11
Let f be -4*((-318)/(-6) + -5). Let a = 189 + f. Let x(g) = -3*g - 3. Calculate x(a).
6
Suppose n + 3*p - 2*p = -2, -2*n = 5*p - 2. Let l be ((-14)/n - -1)*(-2)/3. Let g(b) = -3*b. Calculate g(l).
9
Let w be (-5)/25 + 429/(-5) + 1. Let y = w - -103. Let f = y + -13. Let d(a) = -a**2 + 6*a + 4. Calculate d(f).
9
Let o(a) = a + 16. Let d be o(11). Let w = d + -15. Let j(g) = w - 4 - 1 - 2 + 3*g. Calculate j(-4).
-7
Let z(r) = -12*r + 1. Let y be z(1). Let b = -10 - y. Let n(d) = 2*d**2 - d**2 + d + 2771 - 2771. Calculate n(b).
2
Let i(t) = 13*t + 19*t + 9*t - 45 - t - 26. Calculate i(2).
9
Suppose 2*n + 15 = -h, 0 = 4*h + n + 4 + 21. Let y be 15/(-3) + h/15*3. Let a(k) = -4*k - 27. Calculate a(y).
-3
Let r be -16 + -17 + 1393/42. Let d(p) be the third derivative of r*p**4 + 1/20*p**5 + 12*p**2 + 1/3*p**3 + 0 + 0*p. What is d(-2)?
6
Let l(n) = -19*n - 69. Let y(h) = -9*h - 34. Let w(z) = -6*l(z) + 13*y(z). Suppose -58*u = -60*u - a - 11, -12*u - 129 = -3*a. What is w(u)?
-1
Let s(w) = w**2 - 8*w + 3. Let z(d) = -d**2 + 44*d - 119. Let i be z(41). Suppose -i*j - 5*a = -33, 9*j - 4*j = 5*a + 30. Calculate s(j).
-4
Let k be 9/(-3 - 0) - -1. Let p(a) be the second derivative of a**2 + 1/4*a**4 - 13*a + 2/3*a**3 + 0. Calculate p(k).
6
Let d(a) = 2848*a + a**3 - 2857*a - 72 + 5*a**2 + 25 + 37 + 31. Calculate d(-7).
-14
Let v = -3189 - -3191. Let z(s) = s**3 - 4*s**2 + 3*s + 1. Determine z(v).
-1
Suppose -302*j + 156 = -296*j. Let i(s) = j + 4*s**2 - 13 + s**3 + 0*s**3 - 9. Determine i(-5).
-21
Let u(f) = f**2 - f + 1. Let j(z) = -46 + 10*z + 13 + 0*z - 2 + 11 - z**2. Let y be j(4). Calculate u(y).
1
Suppose -12*r - r + 39 = 0. Let a(n) = 0*n**3 + 15 - n - 16 - 3*n**r + 2*n**3 - 4*n**2. Let z = -10 + 6. Calculate a(z).
3
Let p be (5690/(-14) - 2) + (-195)/(-455). Let j = 416 + p. Let k(v) = 2*v - 1. What is k(j)?
15
Let z(k) be the third derivative of k**6/120 - 53*k**5/60 - k**4/8 + 27*k**3 - 8998*k**2. Determine z(53).
3
Let x(q) = 5 - q - 4*q**2 + 2*q**3 + 3 + 7*q**2 - 18 + 4. Give x(-2).
-8
Let o be 2*